y and 235.
47
Let f be 0 + -2 + -3 + 55. Suppose 2*j - f = -0*j. Let q(z) = -z**3 - 5*z**2 - 3*z - 5. Let n be q(-5). Calculate the highest common divisor of j and n.
5
Let f = -26 - -59. Suppose g - f = -2*j - 6, -j - 39 = -2*g. Calculate the greatest common factor of 42 and g.
21
Let l be -4 + 3 - 0 - (0 - 4). What is the highest common divisor of l and 6?
3
Let y(x) = x**3 - 2*x**2 - 3*x - 5. Let m be y(4). Calculate the greatest common factor of 6 and m.
3
Suppose -y - 3*y = 3*v + 5, 0 = 2*y + 4*v + 10. Let w(z) = 14*z + 2. Let x be w(y). Calculate the highest common divisor of x and 112.
16
Suppose -6*q + 3*q = 0. Suppose -3*b + 90 = -q*b. Calculate the greatest common divisor of b and 75.
15
Suppose 24*u = 21*u - 18. Let m be (-3 + 4 + u)*-1. Calculate the greatest common factor of 55 and m.
5
Suppose -2*q - 126 = -8*q. What is the greatest common factor of 14 and q?
7
Suppose 4*g - 1 = -o - 0*o, 5 = 5*o + 2*g. Suppose -2*w + 31 + o = 0. What is the highest common factor of 40 and w?
8
Suppose -4*k = -267 + 55. Let o = k + 7. Let w(y) = 19*y**2 - y. Let p be w(-1). What is the greatest common factor of o and p?
20
Suppose -385 = -3*l + o + 144, 4*o = 3*l - 541. Calculate the greatest common divisor of l and 70.
35
Suppose -10 = -2*u - 4*n - 0*n, 5*u - 4*n + 17 = 0. Let f = u - 2. Let m = 9 - f. Calculate the highest common divisor of m and 12.
12
Let h = 0 - -6. Calculate the highest common factor of 6 and h.
6
Suppose -2*r + 88 = 2*r. What is the highest common factor of 176 and r?
22
Suppose -9 = -t - 0. Suppose -y + t = -13. What is the highest common factor of y and 11?
11
Suppose 9*w - 3*w = 60. What is the greatest common divisor of w and 80?
10
Let x be 2 + (-5)/((-10)/12). Suppose 0 = -5*s - 0*q - 3*q + x, -3*s + 3*q = 0. What is the highest common divisor of s and 7?
1
Suppose 5*j - 463 - 312 = i, -j = i - 149. What is the highest common factor of 14 and j?
14
Let r(h) = 3*h**2 - h + 1. Let c be r(-5). Calculate the highest common factor of c and 9.
9
Let u = 9 + -7. Suppose 5*o + 42 = -3*b - 66, 3*b + u*o + 108 = 0. Let p = -6 - b. Calculate the greatest common divisor of p and 6.
6
Let x(f) = 3*f + 9. Let c be x(-3). Suppose c = 3*d + 3*g - 2*g - 57, -6 = -2*g. What is the highest common factor of d and 18?
18
Suppose -14*w = -30*w + 128. Let o(d) = -d**2 - 3*d + 1. Let b be o(-3). Calculate the highest common factor of w and b.
1
Let t(y) = -y**2 + 9*y + 9. Let u be t(7). Let p = 66 - 43. Calculate the greatest common divisor of p and u.
23
Suppose 0 = 4*l - 328 - 128. Calculate the greatest common factor of l and 76.
38
Let f(w) = 16*w - 37. Let g be f(3). Let p(o) = 5 + o**2 + 3*o**2 + 2*o - 2. Let b be p(-3). Calculate the greatest common divisor of g and b.
11
Suppose 2*x - 127 = 3*o, 0 = -3*x + 8*x + 2*o - 327. Calculate the greatest common factor of x and 13.
13
Let d(g) = -g**2 + 7*g - 2. Let j be d(5). Calculate the greatest common divisor of 12 and j.
4
Suppose -105 = -3*h - 2*h. Calculate the greatest common factor of h and 42.
21
Suppose -2*d = -0*d + 3*x, 0 = -3*d - 2*x + 5. Let s be (-1)/(d/(-162)*2). Let a be 2/3 - 75/(-9). What is the greatest common factor of a and s?
9
Let a = -7 - -45. Let h = -42 - -61. What is the greatest common divisor of h and a?
19
Let c be (5*2 + 0)/(-1). Let o(h) = h + 7 + 5 - 2 + 3. Let l be o(c). What is the highest common divisor of l and 21?
3
Let g(u) = 4*u - 8. Let k be g(7). Suppose 2*d - 6*i + 17 = -i, -2*d + 3*i - 7 = 0. Calculate the greatest common factor of k and d.
4
Let c(y) = -y**3 + y - 1. Let z be c(-2). Let s = -13 - -29. Suppose b - s = -z. Calculate the highest common factor of b and 22.
11
Let x(h) = -h**2 + 18*h - 20. Let a be x(16). What is the greatest common divisor of a and 60?
12
Suppose -4*g - 109 = -v + 27, 0 = v + 3*g - 108. Calculate the greatest common factor of v and 30.
30
Let n be 6*1/(-2)*(-22)/1. What is the greatest common divisor of 6 and n?
6
Let h = -53 + 113. Let b be 291/12 + 2/(-8). Let q = 48 - b. What is the highest common factor of q and h?
12
Let m be 4/(-3)*(0 + -12). Let r(u) = u + 176. Let t be r(0). What is the greatest common factor of m and t?
16
Let o(u) = -u**2 + 9*u - 9. Let g be o(6). Calculate the greatest common factor of g and 45.
9
Let j(a) = a**3 - 9*a**2 - 12*a + 3. Let d be j(10). Let l = d + 31. Calculate the greatest common divisor of 21 and l.
7
Let q be -3*(-5)/(-6)*4. Let f be -5 + 3 + (1 - q). Suppose 2*i - 129 = -f. What is the highest common divisor of i and 12?
12
Suppose -3*u + 0 = -3. Let k be (-4)/(-6)*18*u. Suppose 5*t - 367 + 65 = -i, -4 = -2*i. Calculate the highest common factor of k and t.
12
Let x(u) = -u**2 + 6. Let h = -4 + 4. Let l be x(h). Suppose 0 = -5*q - 2*v + 68 - 2, -6 = -2*v. What is the greatest common divisor of q and l?
6
Let z(q) = q**2 + 2. Let i be (-2)/8 + (-18)/(-8). Let r be z(i). Suppose -4*w + 7*w = -r, 4*d = -5*w + 6. What is the greatest common factor of 1 and d?
1
Let f = 4 - 2. Let j(h) = -h**2 + 12*h - 12. Let k be j(9). Let c = k - f. Calculate the greatest common factor of 13 and c.
13
Suppose 15 + 19 = -5*i - 4*x, 32 = -5*i - 2*x. Let s be -6*(32/i + 4). What is the highest common divisor of 1 and s?
1
Let z(d) = 2*d**2 + 11*d + 8. Let g be z(-7). Calculate the highest common divisor of 232 and g.
29
Let q(z) = -z**2 - 11*z. Let o be q(-9). Let j be 2*(-2)/(-4) - -37. Suppose r + 4*b = j, b + 13 = -0*r + r. What is the greatest common factor of r and o?
18
Suppose 5 = -4*q + 1. Let x be (-6)/((q + 0)*2). Suppose 4*n = 5*d + 75, 4*n - 27 = 2*n - d. Calculate the greatest common divisor of x and n.
3
Let w(d) = -d**3 + 7*d**2 - 2*d + 16. Let u be w(7). What is the highest common factor of 1 and u?
1
Suppose 5*w - 13 = 97. Calculate the greatest common divisor of w and 11.
11
Let u = 5 - 5. Suppose -5*g = r - 17, -4*g = -r - u*r + 8. Let o be 68/6 + 2/3. Calculate the greatest common divisor of o and r.
12
Let t = 4 - 3. Let o(u) = 8*u**2 + 1 + 0 + u - 2. Let j be o(t). What is the highest common factor of j and 64?
8
Let r(p) = -2*p - 8. Let j = 14 - 20. Let l be r(j). Calculate the highest common factor of 36 and l.
4
Let t(c) = -4*c - 21. Let q(h) = h + 5. Let r(s) = -18*q(s) - 4*t(s). Let m be r(-8). What is the highest common factor of 10 and m?
10
Let z(f) = f + 13. Let n be z(-14). Let g be ((-3)/(-6))/(n/(-32)). Calculate the highest common divisor of 16 and g.
16
Let g = -106 - -151. Calculate the highest common factor of g and 15.
15
Suppose -15 - 5 = -2*k. Calculate the highest common factor of k and 160.
10
Let w(j) = 3*j**2 + j. Let q be w(3). What is the highest common divisor of 40 and q?
10
Let d be ((-6)/(-9))/(4/6). Let b be (-5 + 27/7)*-7. What is the highest common factor of d and b?
1
Let q be 8/12*78/4. Let j(u) = -66*u. Let k be j(-1). Let r = 131 - k. Calculate the highest common divisor of r and q.
13
Suppose 4*z + 20 = 8*z. Suppose z*n = -4*b + 35, -3*b + 20 = b. Suppose -l = -n*a - 55 - 134, l - 196 = -4*a. What is the highest common divisor of l and 24?
24
Suppose 3*l + 2 = -5*o, -2*l + 1 = -3*o - 4. Let c be ((-1)/o)/(-1)*1. Let d = c + 3. What is the highest common divisor of 16 and d?
2
Let h be (3 + 26/(-10))*440. What is the greatest common factor of 16 and h?
16
Let q be 10 - (3 - (6 - -1)). What is the highest common factor of q and 56?
14
Let n be ((-1)/(-2))/((-4)/(-48)). Let x(k) = -k**3 + 10*k**2 + 13*k - 14. Let l be x(11). Let r = l - n. Calculate the greatest common divisor of 18 and r.
2
Let t = 13 + -6. Let h = t + 7. What is the greatest common factor of h and 35?
7
Let z = -23 - -25. Calculate the greatest common factor of 10 and z.
2
Let h(u) = -u**2 - 10*u - 1. Let v be h(-8). What is the greatest common divisor of 60 and v?
15
Let v(o) be the second derivative of o**3/6 + 2*o**2 - 9*o. Suppose 0 = i + 3 - 11. Let b be v(i). What is the highest common divisor of b and 3?
3
Suppose -6*o + 5*o - 3*h = -16, 0 = h. Calculate the highest common divisor of 16 and o.
16
Let i(w) = -w**3 - 14*w**2 + 6*w + 3. Let t be i(-15). Let p = 201 - t. What is the highest common factor of 7 and p?
7
Let a = -51 - -89. Let x(u) = 4*u**2 + 2*u + 1. Let p be (-5)/(-20) - (-34)/(-8). Let o be x(p). What is the greatest common factor of o and a?
1